8 is divided by c.
18
What is the remainder when 13 is divided by 6*(1/(-3) - -1)?
1
Suppose -3*p - 32 = 19. Let o = 34 + p. What is the remainder when 50 is divided by o?
16
Let b = 32 + 6. Let j = -2 + 2. Suppose j = -t - 0*t + 13. Calculate the remainder when b is divided by t.
12
Suppose -2*s + 0*s = -74. Let y = s - 0. Calculate the remainder when y is divided by 19.
18
Let f(b) = -b**2 - 23*b - 16. Calculate the remainder when f(-21) is divided by 10.
6
Let l = 34 + 7. Suppose 3*u + 5 = s, -2*u + 27 = 3*s - 5*u. What is the remainder when l is divided by s?
8
Let d(w) = w**2 - 5*w + 59. Calculate the remainder when 115 is divided by d(0).
56
Let m(t) = t**3 + 4*t. Let q = -24 + 45. Calculate the remainder when m(3) is divided by q.
18
Let n(p) = -2*p**2 + 12*p + 8. What is the remainder when 29 is divided by n(6)?
5
Let t(h) = 3*h**2 + 8 - 5*h**2 + h + 3*h**2. What is the remainder when ((-1)/2)/((-4)/184) is divided by t(0)?
7
Suppose 0 = 2*m - m - 4. Suppose 2*p = 8, -z + 4*z + 5*p - 35 = 0. What is the remainder when z is divided by m?
1
Suppose -32 = 3*l + 10. Let h = -6 - l. What is the remainder when 21 is divided by h?
5
Suppose -58 - 330 = -4*x. Let m = x - 59. Suppose -5*i = -3*i + d - 8, 0 = 5*i - 2*d - m. What is the remainder when 17 is divided by i?
5
Let s(m) = 3*m - 1. Calculate the remainder when 3 is divided by s(1).
1
Calculate the remainder when (18/(-21))/(5/(-210)) is divided by 19.
17
Suppose 2*j + 2*j - 4 = 0. Let r = j + 3. Let o = 11 + r. Calculate the remainder when 29 is divided by o.
14
Suppose -z = -3*g + 62 - 8, 53 = 2*g + 5*z. What is the remainder when g is divided by (1*(-5)/5)/(5/(-55))?
8
Suppose -j = 2 - 14. Let y = 274 + -252. What is the remainder when y is divided by j?
10
Suppose 0 = -p + 1 + 1. Suppose 10 - 3 = s. Calculate the remainder when s is divided by p.
1
Let x be 4 + 2 + 6/(-2). Let j = x + 2. Suppose -3*n = 12, -2*v + 11 + 11 = -j*n. What is the remainder when v is divided by 1?
0
Let k = 364 - 354. Suppose q + 14 = 43. What is the remainder when q is divided by k?
9
Let s(j) = -j**3 + 2*j**2 - 4*j + 4. Let k be s(4). Let x be 0 + -1 + k + 3. Let c = -30 - x. What is the remainder when 35 is divided by c?
11
Let j(c) = c**3 - 6*c**2 - 3*c + 1. Let a be j(6). Let z = a + 32. Let w = z - 8. Calculate the remainder when 13 is divided by w.
6
Suppose 3*h - 2*h - 31 = 0. Let i(f) = -f**2 + 15*f + 8. Calculate the remainder when h is divided by i(15).
7
Suppose -3*i + 0*t = 3*t - 3, -i + t + 9 = 0. What is the remainder when i is divided by 2?
1
What is the remainder when (2/(-5))/(6/5)*-327 is divided by 16?
13
Suppose -1 = -y, -y = -2*l + y + 116. Calculate the remainder when l is divided by (-4 - 5)/(3/(-4)).
11
Suppose 5*t - 113 = 2*w - 0*w, -2*t + 2 = 0. Let l = w + 89. What is the remainder when l is divided by 9?
8
Suppose 2*s + 0*s = 0. Suppose 3*b - 1 = -2*p, -5*p + s*p = -b - 28. Let d = p - 3. Calculate the remainder when d is divided by 1.
0
Suppose 0 = 6*a - a - 75. Calculate the remainder when 58 is divided by a.
13
What is the remainder when (432/2)/6*(-1)/(-1) is divided by 13?
10
Let v(p) = -p**3 - 3*p**2 + p. Let y be v(-5). Suppose -l - 2*n + 15 = -n, -n = -2*l + y. What is the remainder when 39 is divided by l?
19
Let t(m) be the second derivative of 0 + 11/20*m**5 - 4*m + 1/2*m**2 - 1/6*m**3 + 1/12*m**4. Calculate the remainder when 34 is divided by t(1).
10
Suppose -3*v = 4*j - 2*j - 49, -4*j = -5*v - 109. What is the remainder when j is divided by 2/10 - 276/(-20)?
12
Suppose -11 - 21 = 2*x. Let b = x - -24. What is the remainder when 21 is divided by b?
5
Let o = -8 + 4. Let b be o/(-6)*18/4. Suppose i - 124 = -b*i. What is the remainder when i is divided by 11?
9
Let r(w) = w. Let i(k) = k**2 - 11*k + 7. Let d(n) = -i(n) + 4*r(n). Calculate the remainder when d(10) is divided by 22.
21
Suppose 0 = -y - 5*y + 198. What is the remainder when y is divided by 17?
16
Suppose 7*l + 30 = 751. Calculate the remainder when l is divided by 15.
13
Suppose -4*w + 60 = 5*r, 3*r + 8*w - 28 = 4*w. Let o(k) = -k**3 - 7*k**2 + 10*k - 10. What is the remainder when o(-9) is divided by r?
14
Let n(p) = 4*p + 1. Let a = -4 + 6. Let o(y) = 2*y + 1. Let l(v) = a*n(v) - 5*o(v). Calculate the remainder when 32 is divided by l(-7).
10
Suppose 4*x - x = 18. What is the remainder when 20 is divided by x?
2
Let f = -19 - -13. Let s(l) be the third derivative of -l**5/60 - 5*l**4/12 + 4*l**3/3 - 9*l**2. What is the remainder when s(f) is divided by 11?
10
Let b(j) = -j. Let w be b(-4). Suppose -2*g - 10 = 0, -w*g - 19 = -2*x + 15. Suppose 0 = -h + x + 23. What is the remainder when h is divided by 16?
14
Suppose 2*y = -2*y + 20. Let v = 1 - -3. Suppose 5*r + 0*q = -v*q + 43, r + y*q + 4 = 0. Calculate the remainder when r is divided by 6.
5
What is the remainder when 3 is divided by ((-2)/5)/(13/(-65))?
1
Suppose -4*w + 24 = -2*w. Suppose 2*l + 4*o + 120 = 0, -3*o = l - 5*l - 240. Let p = -39 - l. What is the remainder when p is divided by w?
9
Suppose -3*t - 180 = -7*t. Calculate the remainder when 131 is divided by t.
41
Let i = 108 - 75. What is the remainder when 128 is divided by i?
29
Suppose 0 = 2*t - 0*t - 30. Calculate the remainder when t is divided by 8.
7
Let j = -43 + 74. Let x be 82/(-4) - 1/2. Let v = x + 32. Calculate the remainder when j is divided by v.
9
Suppose 11*s - 10 = 6*s. Suppose c - 2*d - d = 11, -4*d - 16 = -2*c. What is the remainder when c is divided by s?
0
Let p(z) = -z**3 - z + 8. Calculate the remainder when 21 is divided by p(0).
5
Suppose 5*r = 0, -d + 2*d = -2*r + 5. Let j = 5 - -22. Let f = -13 + j. Calculate the remainder when f is divided by d.
4
Let q be 46/6 + (-4)/(-12). Let b be 166/(-3) + q/24. Let w = b + 79. What is the remainder when 70 is divided by w?
22
Let t = 85 + -57. Let x = -6 - -9. Suppose 5*a = -2*m + 20, 2*m + 3*m = x*a + 50. Calculate the remainder when t is divided by m.
8
Let u(f) = f**3 - 2*f**2 + f. Let i be u(2). Let m(t) = 3*t**i + 3*t**2 - 2 - t**3 + 1 - 4*t**2 + 2*t. Calculate the remainder when 8 is divided by m(2).
2
Suppose 0 = -3*k - 12, 4*v + 3*k = 131 + 417. Calculate the remainder when v is divided by 13.
10
Let k(a) = -a**2 + 8*a + 7. Calculate the remainder when 54 is divided by k(7).
12
Let g = -25 - -56. Calculate the remainder when g is divided by 7.
3
Suppose 0 = 23*d - 29*d + 846. What is the remainder when d is divided by 13?
11
Suppose -3*d = t - 37, -5*t + 42 = -d - 63. Suppose 0 = 2*v - v - t. What is the remainder when (-5 - 0)*(-1 + -12) is divided by v?
21
Let d(b) = 2*b + 5. Let h be d(-5). What is the remainder when 1368/30 - 2/h is divided by 16?
14
Let a = 152 + -62. Suppose o + 120 = 4*p, 2*p + p = 3*o + a. Let y(t) = t**2 - 4*t - 1. Calculate the remainder when p is divided by y(6).
8
Calculate the remainder when 32 is divided by (-33)/(-3) - (-3 + 2).
8
Suppose -3*b = -8*b + 20. Calculate the remainder when 11 is divided by 1/((1 + 0)/b).
3
Let z be (-10)/(-4)*4/5. Suppose 0 = z*g, -14 = -4*q - 2*g + 10. What is the remainder when 9 is divided by (-16)/q*21/(-14)?
1
Let l(j) = 3*j**2 - 4*j + 5. Calculate the remainder when l(-4) is divided by 18.
15
Suppose -9 = -0*s - 3*s. Let y be (8/(-12))/((-1)/12). Suppose 2*i = -2*i + y. What is the remainder when s is divided by i?
1
Let b be ((-54)/4)/((-3)/(-16)). Let f = -38 - b. Let q = -19 + f. What is the remainder when 28 is divided by q?
13
Let n(p) = -23*p - 17. What is the remainder when n(-3) is divided by 20?
12
Suppose 2*x + 25 = 7*x. Suppose x*f + j = 45, f + 0*j = 4*j - 12. Suppose 6*y - 2*y = -5*k + 40, k + y - f = 0. What is the remainder when 23 is divided by k?
7
Suppose 7*d - 36 = -2*d. Calculate the remainder when 43 is divided by d.
3
Let c(n) = -7*n + 52. Let j(d) = -3*d + 26. Let r(k) = -4*c(k) + 9*j(k). Suppose 0 = x - 16 + 2. What is the remainder when r(0) is divided by x?
12
Suppose k - 19 = 4*d, -18 = -2*k + 3*d - 5*d. Calculate the remainder when 40 is divided by k.
7
Let b(v) = -v - 1. What is the remainder when b(-8) is divided by 2?
1
Suppose 14 + 55 = 3*n. What is the remainder when n is divided by 12?
11
Suppose 3*a - 6 = 0, -m = 2*m - a - 10. Calculate the remainder when 11 is divided by m.
3
Suppose i - 2*i = -3*q + 10, 0